{"id":99,"date":"2019-09-03T13:58:01","date_gmt":"2019-09-03T12:58:01","guid":{"rendered":"https:\/\/lepreenbulle.wordpress.com\/?page_id=99"},"modified":"2020-05-11T22:19:52","modified_gmt":"2020-05-11T20:19:52","slug":"la-bulleteam","status":"publish","type":"page","link":"https:\/\/lepreenbulle.fr\/?page_id=99","title":{"rendered":"La Bulle&#8217;Team"},"content":{"rendered":"<p>Vous en avez marre de travailler tout seul ? Isol\u00e9 ? Sans personne avec qui discuter, partager, \u00e9changer, &#8230; ???<\/p>\n<p>La <strong><span style=\"color: #33cccc;\">Bulle&#8217;Team<\/span><\/strong> est faites pour vous !<\/p>\n<p>Que vous veniez travailler une 1\/2 journ\u00e9e par semaine ou tous les jours, la Bulle&#8217;Team met \u00e0 votre disposition : 4 postes de travail.<\/p>\n<p>Venez vite nous voir, d\u00e9couvrir ce lieu : un mini-coworking \u00e0 taille humaine !<img loading=\"lazy\" decoding=\"async\" class=\"  wp-image-119 aligncenter\" src=\"http:\/\/lepreenbulle.fr\/wp-content\/uploads\/2019\/09\/location_bureau_vendee36-1.jpg\" alt=\"location_bureau_vendee36\" width=\"474\" height=\"686\" srcset=\"https:\/\/lepreenbulle.fr\/wp-content\/uploads\/2019\/09\/location_bureau_vendee36-1.jpg 1188w, https:\/\/lepreenbulle.fr\/wp-content\/uploads\/2019\/09\/location_bureau_vendee36-1-207x300.jpg 207w, https:\/\/lepreenbulle.fr\/wp-content\/uploads\/2019\/09\/location_bureau_vendee36-1-768x1111.jpg 768w, https:\/\/lepreenbulle.fr\/wp-content\/uploads\/2019\/09\/location_bureau_vendee36-1-708x1024.jpg 708w\" sizes=\"auto, (max-width: 474px) 100vw, 474px\" \/><\/p>\n<ul>\n<li>La <span style=\"color: #33cccc;\"><strong><em>Bulle&#8217;Team<\/em><\/strong><\/span>, Espace de coworking, convivial, partag\u00e9 par 4pers.(10\u20ac la 1\/2 journ\u00e9e; 17\u20ac\/journ\u00e9e; 220\u20ac\/mois).<\/li>\n<\/ul>\n\n\n<p><strong><span style=\"text-decoration: underline;\">Am\u00e9nagement sp\u00e9cial COVID-19<\/span><\/strong> :<\/p>\n\n\n\n<figure class=\"wp-block-image size-large\"><img loading=\"lazy\" decoding=\"async\" width=\"1024\" height=\"472\" src=\"http:\/\/lepreenbulle.fr\/wp-content\/uploads\/2020\/05\/location_bureau_vendee73covid3-1024x472.jpg\" alt=\"\" class=\"wp-image-493\" srcset=\"https:\/\/lepreenbulle.fr\/wp-content\/uploads\/2020\/05\/location_bureau_vendee73covid3-1024x472.jpg 1024w, https:\/\/lepreenbulle.fr\/wp-content\/uploads\/2020\/05\/location_bureau_vendee73covid3-300x138.jpg 300w, https:\/\/lepreenbulle.fr\/wp-content\/uploads\/2020\/05\/location_bureau_vendee73covid3-768x354.jpg 768w, https:\/\/lepreenbulle.fr\/wp-content\/uploads\/2020\/05\/location_bureau_vendee73covid3-1536x708.jpg 1536w, https:\/\/lepreenbulle.fr\/wp-content\/uploads\/2020\/05\/location_bureau_vendee73covid3-2048x944.jpg 2048w\" sizes=\"auto, (max-width: 1024px) 100vw, 1024px\" \/><\/figure>\n\n\n\n<p><strong>Bulle&#8217;<span style=\"text-decoration: underline;\">Team <\/span><\/strong>s&#8217;est r\u00e9am\u00e9nag\u00e9e afin de r\u00e9pondre aux mesures de s\u00e9curit\u00e9 li\u00e9e au virus Covid-19.<\/p>\n\n\n\n<p>4 personnes sont autoris\u00e9es dans ce bureau. Une distance de 1m est pr\u00e9sente entre les 4 fauteuils de bureau. Bien entendu, le fauteuil gris \u00e0 oreilles n&#8217;est plus accessible sur cette p\u00e9riode.<\/p>\n\n\n\n<p>Un kit de d\u00e9sinfection des surfaces, des textiles et des mains est disponible. La surface du bureau comme les coussins d&#8217;assise des fauteuils ont \u00e9t\u00e9 recouverts d&#8217;une mati\u00e8re supportant une d\u00e9sinfection fr\u00e9quente.<\/p>\n\n\n\n<p>Le port du masque vous est conseill\u00e9 ainsi qu&#8217;a vos clients\/patients. Nous n&#8217;en fournissons pas.<\/p>\n\n\n\n<p>Pour une question d&#8217;hygi\u00e8ne, les carafes et verres ont \u00e9t\u00e9 retir\u00e9s. Nous vous conseillons d&#8217;apporter votre propre &#8220;gourde\/bouteille&#8221;. Mais \u00e9galent votre thermos de caf\u00e9\/th\u00e9.<\/p>\n\n\n\n<p>Le micro-onde et le r\u00e9frig\u00e9rateur reste disponible pour vos repas si vous ne pouvez faire autrement.<\/p>\n","protected":false},"excerpt":{"rendered":"<p>Vous en avez marre de travailler tout seul ? Isol\u00e9 ? Sans personne avec qui discuter, partager, \u00e9changer, &#8230; ??? La Bulle&#8217;Team est faites pour vous ! Que vous veniez travailler une 1\/2 journ\u00e9e par semaine ou tous les jours, la Bulle&#8217;Team met \u00e0 votre disposition : 4 postes de travail. Venez vite nous voir,&hellip; <a href=\"https:\/\/lepreenbulle.fr\/?page_id=99\" class=\"more-link\">Lire la suite <span class=\"screen-reader-text\">La Bulle&#8217;Team<\/span><\/a><\/p>\n","protected":false},"author":1,"featured_media":89,"parent":28,"menu_order":0,"comment_status":"closed","ping_status":"closed","template":"","meta":{"footnotes":""},"tags":[],"class_list":["post-99","page","type-page","status-publish","has-post-thumbnail","hentry","without-featured-image"],"jetpack_sharing_enabled":true,"_links":{"self":[{"href":"https:\/\/lepreenbulle.fr\/index.php?rest_route=\/wp\/v2\/pages\/99","targetHints":{"allow":["GET"]}}],"collection":[{"href":"https:\/\/lepreenbulle.fr\/index.php?rest_route=\/wp\/v2\/pages"}],"about":[{"href":"https:\/\/lepreenbulle.fr\/index.php?rest_route=\/wp\/v2\/types\/page"}],"author":[{"embeddable":true,"href":"https:\/\/lepreenbulle.fr\/index.php?rest_route=\/wp\/v2\/users\/1"}],"replies":[{"embeddable":true,"href":"https:\/\/lepreenbulle.fr\/index.php?rest_route=%2Fwp%2Fv2%2Fcomments&post=99"}],"version-history":[{"count":14,"href":"https:\/\/lepreenbulle.fr\/index.php?rest_route=\/wp\/v2\/pages\/99\/revisions"}],"predecessor-version":[{"id":495,"href":"https:\/\/lepreenbulle.fr\/index.php?rest_route=\/wp\/v2\/pages\/99\/revisions\/495"}],"up":[{"embeddable":true,"href":"https:\/\/lepreenbulle.fr\/index.php?rest_route=\/wp\/v2\/pages\/28"}],"wp:featuredmedia":[{"embeddable":true,"href":"https:\/\/lepreenbulle.fr\/index.php?rest_route=\/wp\/v2\/media\/89"}],"wp:attachment":[{"href":"https:\/\/lepreenbulle.fr\/index.php?rest_route=%2Fwp%2Fv2%2Fmedia&parent=99"}],"wp:term":[{"taxonomy":"post_tag","embeddable":true,"href":"https:\/\/lepreenbulle.fr\/index.php?rest_route=%2Fwp%2Fv2%2Ftags&post=99"}],"curies":[{"name":"wp","href":"https:\/\/api.w.org\/{rel}","templated":true}]}}

<p>Vous en avez marre de travailler tout seul ? Isolé ? Sans personne avec qui discuter, partager, échanger, &#8230; ???</p>
<p>La <strong><span style="color: #33cccc;">Bulle&#8217;Team</span></strong> est faites pour vous !</p>
<p>Que vous veniez travailler une 1/2 journée par semaine ou tous les jours, la Bulle&#8217;Team met à votre disposition : 4 postes de travail.</p>
<p>Venez vite nous voir, découvrir ce lieu : un mini-coworking à taille humaine !<img loading="lazy" decoding="async" class="  wp-image-119 aligncenter" src="http://lepreenbulle.fr/wp-content/uploads/2019/09/location_bureau_vendee36-1.jpg" alt="location_bureau_vendee36" width="474" height="686" srcset="https://lepreenbulle.fr/wp-content/uploads/2019/09/location_bureau_vendee36-1.jpg 1188w, https://lepreenbulle.fr/wp-content/uploads/2019/09/location_bureau_vendee36-1-207x300.jpg 207w, https://lepreenbulle.fr/wp-content/uploads/2019/09/location_bureau_vendee36-1-768x1111.jpg 768w, https://lepreenbulle.fr/wp-content/uploads/2019/09/location_bureau_vendee36-1-708x1024.jpg 708w" sizes="auto, (max-width: 474px) 100vw, 474px" /></p>
<ul>
<li>La <span style="color: #33cccc;"><strong><em>Bulle&#8217;Team</em></strong></span>, Espace de coworking, convivial, partagé par 4pers.(10€ la 1/2 journée; 17€/journée; 220€/mois).</li>
</ul>


<p><strong><span style="text-decoration: underline;">Aménagement spécial COVID-19</span></strong> :</p>



<figure class="wp-block-image size-large"><img loading="lazy" decoding="async" width="1024" height="472" src="http://lepreenbulle.fr/wp-content/uploads/2020/05/location_bureau_vendee73covid3-1024x472.jpg" alt="" class="wp-image-493" srcset="https://lepreenbulle.fr/wp-content/uploads/2020/05/location_bureau_vendee73covid3-1024x472.jpg 1024w, https://lepreenbulle.fr/wp-content/uploads/2020/05/location_bureau_vendee73covid3-300x138.jpg 300w, https://lepreenbulle.fr/wp-content/uploads/2020/05/location_bureau_vendee73covid3-768x354.jpg 768w, https://lepreenbulle.fr/wp-content/uploads/2020/05/location_bureau_vendee73covid3-1536x708.jpg 1536w, https://lepreenbulle.fr/wp-content/uploads/2020/05/location_bureau_vendee73covid3-2048x944.jpg 2048w" sizes="auto, (max-width: 1024px) 100vw, 1024px" /></figure>



<p><strong>Bulle&#8217;<span style="text-decoration: underline;">Team </span></strong>s&#8217;est réaménagée afin de répondre aux mesures de sécurité liée au virus Covid-19.</p>



<p>4 personnes sont autorisées dans ce bureau. Une distance de 1m est présente entre les 4 fauteuils de bureau. Bien entendu, le fauteuil gris à oreilles n&#8217;est plus accessible sur cette période.</p>



<p>Un kit de désinfection des surfaces, des textiles et des mains est disponible. La surface du bureau comme les coussins d&#8217;assise des fauteuils ont été recouverts d&#8217;une matière supportant une désinfection fréquente.</p>



<p>Le port du masque vous est conseillé ainsi qu&#8217;a vos clients/patients. Nous n&#8217;en fournissons pas.</p>



<p>Pour une question d&#8217;hygiène, les carafes et verres ont été retirés. Nous vous conseillons d&#8217;apporter votre propre &#8220;gourde/bouteille&#8221;. Mais égalent votre thermos de café/thé.</p>



<p>Le micro-onde et le réfrigérateur reste disponible pour vos repas si vous ne pouvez faire autrement.</p>

<p>Vous en avez marre de travailler tout seul ? Isolé ? Sans personne avec qui discuter, partager, échanger, &#8230; ??? La Bulle&#8217;Team est faites pour vous ! Que vous veniez travailler une 1/2 journée par semaine ou tous les jours, la Bulle&#8217;Team met à votre disposition : 4 postes de travail. Venez vite nous voir,&hellip; <a href="https://lepreenbulle.fr/?page_id=99" class="more-link">Lire la suite <span class="screen-reader-text">La Bulle&#8217;Team</span></a></p>
