{"id":9,"date":"2018-11-01T16:50:55","date_gmt":"2018-11-01T15:50:55","guid":{"rendered":"https:\/\/lepreenbulle.wordpress.com\/?page_id=5"},"modified":"2020-05-08T18:57:20","modified_gmt":"2020-05-08T16:57:20","slug":"accueil","status":"publish","type":"page","link":"https:\/\/lepreenbulle.fr\/","title":{"rendered":"Accueil"},"content":{"rendered":"<h2><span style=\"color: #33cccc;\">Qu&#8217;est-ce que<em><strong> &#8220;Le Pr\u00e9 En Bulle&#8221;<\/strong><\/em> ?<\/span><\/h2>\n<div>C\u2019est un un espace de<b> \u201cCoworking\u201d. <\/b>C&#8217;est \u00e0 dire un espace de travail partag\u00e9 entre plusieurs occupants.<\/div>\n<div>On y retrouve soit de la location de bureau individuel, soit de la location d&#8217;un poste de travail en espace collaboratif.<\/div>\n<div>Ainsi Le Pr\u00e9 En Bulle peut regrouper des sp\u00e9cialistes tels que :<\/div>\n<ul>\n<li>Formateur,<\/li>\n<li>Conseiller,<\/li>\n<li>Coach,<\/li>\n<li>Consultant,<\/li>\n<li>Commercial, &#8230;<\/li>\n<\/ul>\n<div><b>Venez rejoindre notre \u00e9quipe ! <\/b><\/div>\n<div>\u00a0<\/div>\n<div>\u00a0<\/div>\n<div><span style=\"color: #33cccc;\"><em>&#8220;L&#8217;avantage : La force d\u2019une \u00e9quipe en \u00e9tant ind\u00e9pendant.&#8221;<\/em><\/span><\/div>\n<div>\u00a0<\/div>\n<div>En location selon vos souhaits et besoins : \u00e0 l\u2019heure, la demi-journ\u00e9e, la journ\u00e9e, au mois.<\/div>\n<div>\u00a0<\/div>\n<p>Un lieu o\u00f9 chacun trouve sa solution.<\/p>\n<p>NOUVEAU : Ouvert \u00e9galement le samedi sur demande.<\/p>\n\n\n<figure class=\"wp-block-image size-large is-resized\"><img loading=\"lazy\" decoding=\"async\" src=\"http:\/\/lepreenbulle.fr\/wp-content\/uploads\/2020\/05\/covid19_3.jpg\" alt=\"\" class=\"wp-image-485\" width=\"246\" height=\"131\" srcset=\"https:\/\/lepreenbulle.fr\/wp-content\/uploads\/2020\/05\/covid19_3.jpg 633w, https:\/\/lepreenbulle.fr\/wp-content\/uploads\/2020\/05\/covid19_3-300x161.jpg 300w\" sizes=\"auto, (max-width: 246px) 100vw, 246px\" \/><\/figure>\n\n\n\n<figure class=\"wp-block-image size-large\"><img loading=\"lazy\" decoding=\"async\" width=\"800\" height=\"800\" src=\"http:\/\/lepreenbulle.fr\/wp-content\/uploads\/2020\/05\/REOUVERTURE_lepreenbulle_coworking_vendee.gif\" alt=\"\" class=\"wp-image-484\"\/><\/figure>\n\n\n\n<p><strong>Le Pr\u00e9 en Bulle<\/strong> s&#8217;est r\u00e9am\u00e9nag\u00e9e afin de r\u00e9pondre aux mesures de s\u00e9curit\u00e9 li\u00e9e au virus Covid-19.<\/p>\n\n\n\n<p>Ainsi, une distance allant de 1m minimun \u00e0 1.80m \u00e0 \u00e9t\u00e9 pr\u00e9vus dans la nouvelle disposition des locaux.<\/p>\n\n\n\n<p>Un kit de d\u00e9sinfection des surfaces, des textiles et des mains est disponible dans chaque bureau.. La surface des bureaux comme les coussins d&#8217;assise des fauteuils ont \u00e9t\u00e9 recouverts d&#8217;une mati\u00e8re supportant une d\u00e9sinfection fr\u00e9quente.<\/p>\n\n\n\n<p>Le port du masque vous est conseill\u00e9 ainsi qu&#8217;a vos clients\/patients\/stagiaires. Nous n&#8217;en fournissons pas.<\/p>\n\n\n\n<p>Pour une question d&#8217;hygi\u00e8ne, les carafes et verres ont \u00e9t\u00e9 retir\u00e9s. Nous vous conseillons d&#8217;apporter votre propre &#8220;gourde\/bouteille&#8221;. Mais \u00e9galement vos thermos de caf\u00e9\/th\u00e9.<\/p>\n\n\n\n<p>L&#8217;usage du micro-onde et du r\u00e9frig\u00e9rateur reste possible si vous ne pouvez faire autrement.<\/p>\n","protected":false},"excerpt":{"rendered":"<p>Qu&#8217;est-ce que &#8220;Le Pr\u00e9 En Bulle&#8221; ? C\u2019est un un espace de \u201cCoworking\u201d. C&#8217;est \u00e0 dire un espace de travail partag\u00e9 entre plusieurs occupants. On y retrouve soit de la location de bureau individuel, soit de la location d&#8217;un poste de travail en espace collaboratif. Ainsi Le Pr\u00e9 En Bulle peut regrouper des sp\u00e9cialistes tels&hellip; <a href=\"https:\/\/lepreenbulle.fr\/\" class=\"more-link\">Lire la suite <span class=\"screen-reader-text\">Accueil<\/span><\/a><\/p>\n","protected":false},"author":1,"featured_media":385,"parent":0,"menu_order":1,"comment_status":"closed","ping_status":"closed","template":"","meta":{"footnotes":""},"tags":[],"class_list":["post-9","page","type-page","status-publish","has-post-thumbnail","hentry","without-featured-image"],"jetpack_sharing_enabled":false,"_links":{"self":[{"href":"https:\/\/lepreenbulle.fr\/index.php?rest_route=\/wp\/v2\/pages\/9","targetHints":{"allow":["GET"]}}],"collection":[{"href":"https:\/\/lepreenbulle.fr\/index.php?rest_route=\/wp\/v2\/pages"}],"about":[{"href":"https:\/\/lepreenbulle.fr\/index.php?rest_route=\/wp\/v2\/types\/page"}],"author":[{"embeddable":true,"href":"https:\/\/lepreenbulle.fr\/index.php?rest_route=\/wp\/v2\/users\/1"}],"replies":[{"embeddable":true,"href":"https:\/\/lepreenbulle.fr\/index.php?rest_route=%2Fwp%2Fv2%2Fcomments&post=9"}],"version-history":[{"count":4,"href":"https:\/\/lepreenbulle.fr\/index.php?rest_route=\/wp\/v2\/pages\/9\/revisions"}],"predecessor-version":[{"id":2166,"href":"https:\/\/lepreenbulle.fr\/index.php?rest_route=\/wp\/v2\/pages\/9\/revisions\/2166"}],"wp:featuredmedia":[{"embeddable":true,"href":"https:\/\/lepreenbulle.fr\/index.php?rest_route=\/wp\/v2\/media\/385"}],"wp:attachment":[{"href":"https:\/\/lepreenbulle.fr\/index.php?rest_route=%2Fwp%2Fv2%2Fmedia&parent=9"}],"wp:term":[{"taxonomy":"post_tag","embeddable":true,"href":"https:\/\/lepreenbulle.fr\/index.php?rest_route=%2Fwp%2Fv2%2Ftags&post=9"}],"curies":[{"name":"wp","href":"https:\/\/api.w.org\/{rel}","templated":true}]}}

<h2><span style="color: #33cccc;">Qu&#8217;est-ce que<em><strong> &#8220;Le Pré En Bulle&#8221;</strong></em> ?</span></h2>
<div>C’est un un espace de<b> “Coworking”. </b>C&#8217;est à dire un espace de travail partagé entre plusieurs occupants.</div>
<div>On y retrouve soit de la location de bureau individuel, soit de la location d&#8217;un poste de travail en espace collaboratif.</div>
<div>Ainsi Le Pré En Bulle peut regrouper des spécialistes tels que :</div>
<ul>
<li>Formateur,</li>
<li>Conseiller,</li>
<li>Coach,</li>
<li>Consultant,</li>
<li>Commercial, &#8230;</li>
</ul>
<div><b>Venez rejoindre notre équipe ! </b></div>
<div> </div>
<div> </div>
<div><span style="color: #33cccc;"><em>&#8220;L&#8217;avantage : La force d’une équipe en étant indépendant.&#8221;</em></span></div>
<div> </div>
<div>En location selon vos souhaits et besoins : à l’heure, la demi-journée, la journée, au mois.</div>
<div> </div>
<p>Un lieu où chacun trouve sa solution.</p>
<p>NOUVEAU : Ouvert également le samedi sur demande.</p>


<figure class="wp-block-image size-large is-resized"><img loading="lazy" decoding="async" src="http://lepreenbulle.fr/wp-content/uploads/2020/05/covid19_3.jpg" alt="" class="wp-image-485" width="246" height="131" srcset="https://lepreenbulle.fr/wp-content/uploads/2020/05/covid19_3.jpg 633w, https://lepreenbulle.fr/wp-content/uploads/2020/05/covid19_3-300x161.jpg 300w" sizes="auto, (max-width: 246px) 100vw, 246px" /></figure>



<figure class="wp-block-image size-large"><img loading="lazy" decoding="async" width="800" height="800" src="http://lepreenbulle.fr/wp-content/uploads/2020/05/REOUVERTURE_lepreenbulle_coworking_vendee.gif" alt="" class="wp-image-484"/></figure>



<p><strong>Le Pré en Bulle</strong> s&#8217;est réaménagée afin de répondre aux mesures de sécurité liée au virus Covid-19.</p>



<p>Ainsi, une distance allant de 1m minimun à 1.80m à été prévus dans la nouvelle disposition des locaux.</p>



<p>Un kit de désinfection des surfaces, des textiles et des mains est disponible dans chaque bureau.. La surface des bureaux comme les coussins d&#8217;assise des fauteuils ont été recouverts d&#8217;une matière supportant une désinfection fréquente.</p>



<p>Le port du masque vous est conseillé ainsi qu&#8217;a vos clients/patients/stagiaires. Nous n&#8217;en fournissons pas.</p>



<p>Pour une question d&#8217;hygiène, les carafes et verres ont été retirés. Nous vous conseillons d&#8217;apporter votre propre &#8220;gourde/bouteille&#8221;. Mais également vos thermos de café/thé.</p>



<p>L&#8217;usage du micro-onde et du réfrigérateur reste possible si vous ne pouvez faire autrement.</p>

<p>Qu&#8217;est-ce que &#8220;Le Pré En Bulle&#8221; ? C’est un un espace de “Coworking”. C&#8217;est à dire un espace de travail partagé entre plusieurs occupants. On y retrouve soit de la location de bureau individuel, soit de la location d&#8217;un poste de travail en espace collaboratif. Ainsi Le Pré En Bulle peut regrouper des spécialistes tels&hellip; <a href="https://lepreenbulle.fr/" class="more-link">Lire la suite <span class="screen-reader-text">Accueil</span></a></p>
