{"id":28,"date":"2018-11-01T17:29:19","date_gmt":"2018-11-01T16:29:19","guid":{"rendered":"https:\/\/lepreenbulle.wordpress.com\/?page_id=28"},"modified":"2020-06-28T15:50:22","modified_gmt":"2020-06-28T13:50:22","slug":"espace-et-tarif","status":"publish","type":"page","link":"https:\/\/lepreenbulle.fr\/?page_id=28","title":{"rendered":"Espaces et Tarifs"},"content":{"rendered":"<p><strong><span style=\"color: #33cccc;\"><em>Le Pr\u00e9 En Bulle<\/em><\/span><\/strong> dispose de 4 espaces modernes et \u00e9quip\u00e9s de 3 fa\u00e7ons diff\u00e9rentes :<\/p>\n<ul>\n<li>La <strong><span style=\"color: #33cccc;\"><em>Bulle&#8217;Team<\/em><\/span><\/strong>, Espace de coworking, convivial, partag\u00e9 par pers.(10\u20ac la 1\/2 journ\u00e9e; 17\u20ac\/journ\u00e9e; 220\u20ac\/mois).<\/li>\n<li>La <span style=\"color: #33cccc;\"><em><strong>Bulle&#8217;Zen<\/strong><\/em><\/span>, Espace bienveillant pour vos rendez-vous en face \u00e0 face ou vos consultation en p&#8217;tit salon.(8.50\u20ac\/h; 30\u20ac la 1\/2 journ\u00e9e; 50\u20ac\/journ\u00e9e; 350\u20ac\/mois).<\/li>\n<li>La <span style=\"color: #33cccc;\"><em><strong>Bulle&#8217;Nature<\/strong><\/em><\/span>, Espace bienveillant pour vos rendez-vous en face \u00e0 face ou vos consultation en p&#8217;tit salon.(8.50\u20ac\/h; 30\u20ac la 1\/2 journ\u00e9e; 50\u20ac\/journ\u00e9e; 350\u20ac\/mois). (mobilier modifiable\/adaptable aux consultations &#8220;bien-\u00eatre&#8221;)<\/li>\n<li>La <span style=\"color: #33cccc;\"><em><strong>Bulle&#8217;Cr\u00e9ative<\/strong><\/em><\/span>, Espace confortable pour vos r\u00e9unions de travail, ateliers ou formation (40\u20ac la 1\/2 journ\u00e9e; 75\u20ac\/journ\u00e9e).<\/li>\n<\/ul>\n<p>En location selon vos souhaits et besoins : \u00e0 l\u2019heure, la demi-journ\u00e9e, la journ\u00e9e, au mois.<\/p>\n<p>\u200bLe Pr\u00e9 En Bulle est con\u00e7u pour recevoir des personnes \u00e0 mobilit\u00e9 r\u00e9duite (PMR).<\/p>\n\n\n<figure class=\"wp-block-image size-large\"><img loading=\"lazy\" decoding=\"async\" width=\"1024\" height=\"472\" src=\"http:\/\/lepreenbulle.fr\/wp-content\/uploads\/2020\/02\/lepreenbulle_coworking_vendee2-1024x472.jpg\" alt=\"\" class=\"wp-image-387\" srcset=\"https:\/\/lepreenbulle.fr\/wp-content\/uploads\/2020\/02\/lepreenbulle_coworking_vendee2-1024x472.jpg 1024w, https:\/\/lepreenbulle.fr\/wp-content\/uploads\/2020\/02\/lepreenbulle_coworking_vendee2-300x138.jpg 300w, https:\/\/lepreenbulle.fr\/wp-content\/uploads\/2020\/02\/lepreenbulle_coworking_vendee2-768x354.jpg 768w, https:\/\/lepreenbulle.fr\/wp-content\/uploads\/2020\/02\/lepreenbulle_coworking_vendee2-1536x708.jpg 1536w, https:\/\/lepreenbulle.fr\/wp-content\/uploads\/2020\/02\/lepreenbulle_coworking_vendee2-2048x944.jpg 2048w\" sizes=\"auto, (max-width: 1024px) 100vw, 1024px\" \/><\/figure>\n","protected":false},"excerpt":{"rendered":"<p>Le Pr\u00e9 En Bulle dispose de 4 espaces modernes et \u00e9quip\u00e9s de 3 fa\u00e7ons diff\u00e9rentes : La Bulle&#8217;Team, Espace de coworking, convivial, partag\u00e9 par pers.(10\u20ac la 1\/2 journ\u00e9e; 17\u20ac\/journ\u00e9e; 220\u20ac\/mois). La Bulle&#8217;Zen, Espace bienveillant pour vos rendez-vous en face \u00e0 face ou vos consultation en p&#8217;tit salon.(8.50\u20ac\/h; 30\u20ac la 1\/2 journ\u00e9e; 50\u20ac\/journ\u00e9e; 350\u20ac\/mois). La Bulle&#8217;Nature,&hellip; <a href=\"https:\/\/lepreenbulle.fr\/?page_id=28\" class=\"more-link\">Lire la suite <span class=\"screen-reader-text\">Espaces et Tarifs<\/span><\/a><\/p>\n","protected":false},"author":1,"featured_media":358,"parent":0,"menu_order":0,"comment_status":"closed","ping_status":"closed","template":"","meta":{"footnotes":""},"tags":[],"class_list":["post-28","page","type-page","status-publish","has-post-thumbnail","hentry","without-featured-image"],"jetpack_sharing_enabled":true,"_links":{"self":[{"href":"https:\/\/lepreenbulle.fr\/index.php?rest_route=\/wp\/v2\/pages\/28","targetHints":{"allow":["GET"]}}],"collection":[{"href":"https:\/\/lepreenbulle.fr\/index.php?rest_route=\/wp\/v2\/pages"}],"about":[{"href":"https:\/\/lepreenbulle.fr\/index.php?rest_route=\/wp\/v2\/types\/page"}],"author":[{"embeddable":true,"href":"https:\/\/lepreenbulle.fr\/index.php?rest_route=\/wp\/v2\/users\/1"}],"replies":[{"embeddable":true,"href":"https:\/\/lepreenbulle.fr\/index.php?rest_route=%2Fwp%2Fv2%2Fcomments&post=28"}],"version-history":[{"count":6,"href":"https:\/\/lepreenbulle.fr\/index.php?rest_route=\/wp\/v2\/pages\/28\/revisions"}],"predecessor-version":[{"id":558,"href":"https:\/\/lepreenbulle.fr\/index.php?rest_route=\/wp\/v2\/pages\/28\/revisions\/558"}],"wp:featuredmedia":[{"embeddable":true,"href":"https:\/\/lepreenbulle.fr\/index.php?rest_route=\/wp\/v2\/media\/358"}],"wp:attachment":[{"href":"https:\/\/lepreenbulle.fr\/index.php?rest_route=%2Fwp%2Fv2%2Fmedia&parent=28"}],"wp:term":[{"taxonomy":"post_tag","embeddable":true,"href":"https:\/\/lepreenbulle.fr\/index.php?rest_route=%2Fwp%2Fv2%2Ftags&post=28"}],"curies":[{"name":"wp","href":"https:\/\/api.w.org\/{rel}","templated":true}]}}

<p><strong><span style="color: #33cccc;"><em>Le Pré En Bulle</em></span></strong> dispose de 4 espaces modernes et équipés de 3 façons différentes :</p>
<ul>
<li>La <strong><span style="color: #33cccc;"><em>Bulle&#8217;Team</em></span></strong>, Espace de coworking, convivial, partagé par pers.(10€ la 1/2 journée; 17€/journée; 220€/mois).</li>
<li>La <span style="color: #33cccc;"><em><strong>Bulle&#8217;Zen</strong></em></span>, Espace bienveillant pour vos rendez-vous en face à face ou vos consultation en p&#8217;tit salon.(8.50€/h; 30€ la 1/2 journée; 50€/journée; 350€/mois).</li>
<li>La <span style="color: #33cccc;"><em><strong>Bulle&#8217;Nature</strong></em></span>, Espace bienveillant pour vos rendez-vous en face à face ou vos consultation en p&#8217;tit salon.(8.50€/h; 30€ la 1/2 journée; 50€/journée; 350€/mois). (mobilier modifiable/adaptable aux consultations &#8220;bien-être&#8221;)</li>
<li>La <span style="color: #33cccc;"><em><strong>Bulle&#8217;Créative</strong></em></span>, Espace confortable pour vos réunions de travail, ateliers ou formation (40€ la 1/2 journée; 75€/journée).</li>
</ul>
<p>En location selon vos souhaits et besoins : à l’heure, la demi-journée, la journée, au mois.</p>
<p>​Le Pré En Bulle est conçu pour recevoir des personnes à mobilité réduite (PMR).</p>


<figure class="wp-block-image size-large"><img loading="lazy" decoding="async" width="1024" height="472" src="http://lepreenbulle.fr/wp-content/uploads/2020/02/lepreenbulle_coworking_vendee2-1024x472.jpg" alt="" class="wp-image-387" srcset="https://lepreenbulle.fr/wp-content/uploads/2020/02/lepreenbulle_coworking_vendee2-1024x472.jpg 1024w, https://lepreenbulle.fr/wp-content/uploads/2020/02/lepreenbulle_coworking_vendee2-300x138.jpg 300w, https://lepreenbulle.fr/wp-content/uploads/2020/02/lepreenbulle_coworking_vendee2-768x354.jpg 768w, https://lepreenbulle.fr/wp-content/uploads/2020/02/lepreenbulle_coworking_vendee2-1536x708.jpg 1536w, https://lepreenbulle.fr/wp-content/uploads/2020/02/lepreenbulle_coworking_vendee2-2048x944.jpg 2048w" sizes="auto, (max-width: 1024px) 100vw, 1024px" /></figure>

<p>Le Pré En Bulle dispose de 4 espaces modernes et équipés de 3 façons différentes : La Bulle&#8217;Team, Espace de coworking, convivial, partagé par pers.(10€ la 1/2 journée; 17€/journée; 220€/mois). La Bulle&#8217;Zen, Espace bienveillant pour vos rendez-vous en face à face ou vos consultation en p&#8217;tit salon.(8.50€/h; 30€ la 1/2 journée; 50€/journée; 350€/mois). La Bulle&#8217;Nature,&hellip; <a href="https://lepreenbulle.fr/?page_id=28" class="more-link">Lire la suite <span class="screen-reader-text">Espaces et Tarifs</span></a></p>
