{"id":161,"date":"2019-09-03T16:55:47","date_gmt":"2019-09-03T15:55:47","guid":{"rendered":"https:\/\/lepreenbulle.wordpress.com\/?page_id=161"},"modified":"2020-06-28T15:53:53","modified_gmt":"2020-06-28T13:53:53","slug":"tarifs","status":"publish","type":"page","link":"https:\/\/lepreenbulle.fr\/?page_id=161","title":{"rendered":"Tarifs"},"content":{"rendered":"<p><span style=\"color: #33cccc;\"><strong><em>Le Pr\u00e9 En Bulle<\/em><\/strong><\/span> dispose de 4 espaces modernes et \u00e9quip\u00e9s de 3 fa\u00e7ons diff\u00e9rentes :<\/p>\n<ul>\n<li>La <span style=\"color: #33cccc;\"><strong><em>Bulle&#8217;Team<\/em><\/strong><\/span>, Espace de coworking, convivial, partag\u00e9 par 4pers.(10\u20ac\/la 1\/2 journ\u00e9e; 17\u20ac\/journ\u00e9e; 220\u20ac\/mois).<\/li>\n<li>La <span style=\"color: #33cccc;\"><em><strong>Bulle&#8217;Zen<\/strong><\/em><\/span>, Espace bienveillant pour vos rendez-vous en face \u00e0 face ou vos consultation en p&#8217;tit salon.(8.50\u20ac\/h; 30\u20ac\/la 1\/2 journ\u00e9e; 50\u20ac\/journ\u00e9e; 350\u20ac\/mois). (Ex : 180\u20ac pour 2j\/sem)<\/li>\n<li>La <span style=\"color: #33cccc;\"><em><strong>Bulle&#8217;Nature<\/strong><\/em><\/span>, Espace bienveillant pour vos rendez-vous en face \u00e0 face ou vos consultation en p&#8217;tit salon.(8.50\u20ac\/h; 30\u20ac\/la 1\/2 journ\u00e9e; 50\u20ac\/journ\u00e9e; 350\u20ac\/mois). (Ex : 180\u20ac pour 2j\/sem)<\/li>\n<li>La <span style=\"color: #33cccc;\"><em><strong>Bulle&#8217;Cr\u00e9ative<\/strong><\/em><\/span>, Espace confortable pour vos r\u00e9unions de travail, ateliers ou formation (40\u20ac\/la 1\/2 journ\u00e9e; 75\u20ac\/journ\u00e9e).<\/li>\n<\/ul>\n<p>En location selon vos souhaits et besoins : \u00e0 l\u2019heure, la demi-journ\u00e9e, la journ\u00e9e, au mois.<\/p>\n<p>\u200bLe Pr\u00e9 En Bulle est con\u00e7ut pour recevoir des personnes \u00e0 mobilit\u00e9 r\u00e9duite (PMR).<\/p>\n","protected":false},"excerpt":{"rendered":"<p>Le Pr\u00e9 En Bulle dispose de 4 espaces modernes et \u00e9quip\u00e9s de 3 fa\u00e7ons diff\u00e9rentes : La Bulle&#8217;Team, Espace de coworking, convivial, partag\u00e9 par 4pers.(10\u20ac\/la 1\/2 journ\u00e9e; 17\u20ac\/journ\u00e9e; 220\u20ac\/mois). La Bulle&#8217;Zen, Espace bienveillant pour vos rendez-vous en face \u00e0 face ou vos consultation en p&#8217;tit salon.(8.50\u20ac\/h; 30\u20ac\/la 1\/2 journ\u00e9e; 50\u20ac\/journ\u00e9e; 350\u20ac\/mois). (Ex : 180\u20ac pour&hellip; <a href=\"https:\/\/lepreenbulle.fr\/?page_id=161\" class=\"more-link\">Lire la suite <span class=\"screen-reader-text\">Tarifs<\/span><\/a><\/p>\n","protected":false},"author":1,"featured_media":42,"parent":0,"menu_order":0,"comment_status":"closed","ping_status":"closed","template":"","meta":{"footnotes":""},"tags":[],"class_list":["post-161","page","type-page","status-publish","has-post-thumbnail","hentry","without-featured-image"],"jetpack_sharing_enabled":false,"_links":{"self":[{"href":"https:\/\/lepreenbulle.fr\/index.php?rest_route=\/wp\/v2\/pages\/161","targetHints":{"allow":["GET"]}}],"collection":[{"href":"https:\/\/lepreenbulle.fr\/index.php?rest_route=\/wp\/v2\/pages"}],"about":[{"href":"https:\/\/lepreenbulle.fr\/index.php?rest_route=\/wp\/v2\/types\/page"}],"author":[{"embeddable":true,"href":"https:\/\/lepreenbulle.fr\/index.php?rest_route=\/wp\/v2\/users\/1"}],"replies":[{"embeddable":true,"href":"https:\/\/lepreenbulle.fr\/index.php?rest_route=%2Fwp%2Fv2%2Fcomments&post=161"}],"version-history":[{"count":2,"href":"https:\/\/lepreenbulle.fr\/index.php?rest_route=\/wp\/v2\/pages\/161\/revisions"}],"predecessor-version":[{"id":560,"href":"https:\/\/lepreenbulle.fr\/index.php?rest_route=\/wp\/v2\/pages\/161\/revisions\/560"}],"wp:featuredmedia":[{"embeddable":true,"href":"https:\/\/lepreenbulle.fr\/index.php?rest_route=\/wp\/v2\/media\/42"}],"wp:attachment":[{"href":"https:\/\/lepreenbulle.fr\/index.php?rest_route=%2Fwp%2Fv2%2Fmedia&parent=161"}],"wp:term":[{"taxonomy":"post_tag","embeddable":true,"href":"https:\/\/lepreenbulle.fr\/index.php?rest_route=%2Fwp%2Fv2%2Ftags&post=161"}],"curies":[{"name":"wp","href":"https:\/\/api.w.org\/{rel}","templated":true}]}}