{"id":133,"date":"2019-09-03T15:13:33","date_gmt":"2019-09-03T14:13:33","guid":{"rendered":"https:\/\/lepreenbulle.wordpress.com\/?page_id=133"},"modified":"2020-02-24T18:14:36","modified_gmt":"2020-02-24T17:14:36","slug":"le-vestibulle","status":"publish","type":"page","link":"https:\/\/lepreenbulle.fr\/?page_id=133","title":{"rendered":"Le Vesti&#8217;Bulle"},"content":{"rendered":"<p>Espace d&#8217;accueil pour vos clients, &#8230; ou tout simplement pour prendre un caf\u00e9, passer un coup de t\u00e9l\u00e9phone, papoter.<\/p>\n\n\n<figure class=\"wp-block-image size-large\"><img loading=\"lazy\" decoding=\"async\" width=\"1024\" height=\"472\" src=\"http:\/\/lepreenbulle.fr\/wp-content\/uploads\/2020\/02\/location_bureau_vendee42b-1024x472.jpg\" alt=\"\" class=\"wp-image-404\" srcset=\"https:\/\/lepreenbulle.fr\/wp-content\/uploads\/2020\/02\/location_bureau_vendee42b-1024x472.jpg 1024w, https:\/\/lepreenbulle.fr\/wp-content\/uploads\/2020\/02\/location_bureau_vendee42b-300x138.jpg 300w, https:\/\/lepreenbulle.fr\/wp-content\/uploads\/2020\/02\/location_bureau_vendee42b-768x354.jpg 768w, https:\/\/lepreenbulle.fr\/wp-content\/uploads\/2020\/02\/location_bureau_vendee42b-1536x708.jpg 1536w, https:\/\/lepreenbulle.fr\/wp-content\/uploads\/2020\/02\/location_bureau_vendee42b-2048x944.jpg 2048w\" sizes=\"auto, (max-width: 1024px) 100vw, 1024px\" \/><\/figure>\n","protected":false},"excerpt":{"rendered":"<p>Espace d&#8217;accueil pour vos clients, &#8230; ou tout simplement pour prendre un caf\u00e9, passer un coup de t\u00e9l\u00e9phone, papoter.<\/p>\n","protected":false},"author":1,"featured_media":403,"parent":28,"menu_order":0,"comment_status":"closed","ping_status":"closed","template":"","meta":{"footnotes":""},"tags":[],"class_list":["post-133","page","type-page","status-publish","has-post-thumbnail","hentry","without-featured-image"],"jetpack_sharing_enabled":true,"_links":{"self":[{"href":"https:\/\/lepreenbulle.fr\/index.php?rest_route=\/wp\/v2\/pages\/133","targetHints":{"allow":["GET"]}}],"collection":[{"href":"https:\/\/lepreenbulle.fr\/index.php?rest_route=\/wp\/v2\/pages"}],"about":[{"href":"https:\/\/lepreenbulle.fr\/index.php?rest_route=\/wp\/v2\/types\/page"}],"author":[{"embeddable":true,"href":"https:\/\/lepreenbulle.fr\/index.php?rest_route=\/wp\/v2\/users\/1"}],"replies":[{"embeddable":true,"href":"https:\/\/lepreenbulle.fr\/index.php?rest_route=%2Fwp%2Fv2%2Fcomments&post=133"}],"version-history":[{"count":4,"href":"https:\/\/lepreenbulle.fr\/index.php?rest_route=\/wp\/v2\/pages\/133\/revisions"}],"predecessor-version":[{"id":408,"href":"https:\/\/lepreenbulle.fr\/index.php?rest_route=\/wp\/v2\/pages\/133\/revisions\/408"}],"up":[{"embeddable":true,"href":"https:\/\/lepreenbulle.fr\/index.php?rest_route=\/wp\/v2\/pages\/28"}],"wp:featuredmedia":[{"embeddable":true,"href":"https:\/\/lepreenbulle.fr\/index.php?rest_route=\/wp\/v2\/media\/403"}],"wp:attachment":[{"href":"https:\/\/lepreenbulle.fr\/index.php?rest_route=%2Fwp%2Fv2%2Fmedia&parent=133"}],"wp:term":[{"taxonomy":"post_tag","embeddable":true,"href":"https:\/\/lepreenbulle.fr\/index.php?rest_route=%2Fwp%2Fv2%2Ftags&post=133"}],"curies":[{"name":"wp","href":"https:\/\/api.w.org\/{rel}","templated":true}]}}

<p>Espace d&#8217;accueil pour vos clients, &#8230; ou tout simplement pour prendre un café, passer un coup de téléphone, papoter.</p>


<figure class="wp-block-image size-large"><img loading="lazy" decoding="async" width="1024" height="472" src="http://lepreenbulle.fr/wp-content/uploads/2020/02/location_bureau_vendee42b-1024x472.jpg" alt="" class="wp-image-404" srcset="https://lepreenbulle.fr/wp-content/uploads/2020/02/location_bureau_vendee42b-1024x472.jpg 1024w, https://lepreenbulle.fr/wp-content/uploads/2020/02/location_bureau_vendee42b-300x138.jpg 300w, https://lepreenbulle.fr/wp-content/uploads/2020/02/location_bureau_vendee42b-768x354.jpg 768w, https://lepreenbulle.fr/wp-content/uploads/2020/02/location_bureau_vendee42b-1536x708.jpg 1536w, https://lepreenbulle.fr/wp-content/uploads/2020/02/location_bureau_vendee42b-2048x944.jpg 2048w" sizes="auto, (max-width: 1024px) 100vw, 1024px" /></figure>

<p>Espace d&#8217;accueil pour vos clients, &#8230; ou tout simplement pour prendre un café, passer un coup de téléphone, papoter.</p>
