{"id":109,"date":"2019-09-03T14:18:22","date_gmt":"2019-09-03T13:18:22","guid":{"rendered":"https:\/\/lepreenbulle.wordpress.com\/?page_id=109"},"modified":"2020-05-08T18:08:29","modified_gmt":"2020-05-08T16:08:29","slug":"la-bullecreative","status":"publish","type":"page","link":"https:\/\/lepreenbulle.fr\/?page_id=109","title":{"rendered":"La Bulle&#8217;Cr\u00e9ative"},"content":{"rendered":"<p>Vous recherchez une salle pour :<\/p>\n<ul>\n<li>Une r\u00e9union de travail ?<\/li>\n<li>Une formation avec un client ?<\/li>\n<li>La r\u00e9alisation d&#8217;un atelier ?<\/li>\n<\/ul>\n<p>La <strong><span style=\"color: #33cccc;\">Bulle&#8217;Cr\u00e9ative<\/span> <\/strong>est faite pour vous !<\/p>\n<div id='gallery-1' class='gallery galleryid-109 gallery-columns-3 gallery-size-thumbnail'><figure class='gallery-item'>\n\t\t\t<div class='gallery-icon landscape'>\n\t\t\t\t<a href='https:\/\/lepreenbulle.fr\/?attachment_id=112'><img loading=\"lazy\" decoding=\"async\" width=\"150\" height=\"150\" src=\"https:\/\/lepreenbulle.fr\/wp-content\/uploads\/2019\/09\/location_bureau_vendee31-150x150.jpg\" class=\"attachment-thumbnail size-thumbnail\" alt=\"\" \/><\/a>\n\t\t\t<\/div><\/figure><figure class='gallery-item'>\n\t\t\t<div class='gallery-icon portrait'>\n\t\t\t\t<a href='https:\/\/lepreenbulle.fr\/?attachment_id=113'><img loading=\"lazy\" decoding=\"async\" width=\"150\" height=\"150\" src=\"https:\/\/lepreenbulle.fr\/wp-content\/uploads\/2019\/09\/location_bureau_vendee32-150x150.jpg\" class=\"attachment-thumbnail size-thumbnail\" alt=\"\" \/><\/a>\n\t\t\t<\/div><\/figure>\n\t\t<\/div>\n\n<p>\u00c9quip\u00e9e de 4 \u00e0 6 postes de travail, d&#8217;un vid\u00e9oprojecteur et d&#8217;un paperboard, vous pourrez la r\u00e9server \u00e0 la 1\/2 journ\u00e9e comme \u00e0 la journ\u00e9e.<label id=\"rf_labelShortcode\"><\/label><\/p>\n<ul>\n<li>La <span style=\"color: #33cccc;\"><strong>Bulle&#8217;Cr\u00e9ative<\/strong><\/span>, Espace confortable pour vos r\u00e9unions de travail, ateliers ou formation (40\u20ac la 1\/2 journ\u00e9e; 75\u20ac\/journ\u00e9e).<\/li>\n<\/ul>\n\n\n<figure class=\"wp-block-image size-large\"><img loading=\"lazy\" decoding=\"async\" width=\"1024\" height=\"473\" src=\"http:\/\/lepreenbulle.fr\/wp-content\/uploads\/2020\/02\/location_bureau_vendee81-1024x473.jpg\" alt=\"\" class=\"wp-image-395\" srcset=\"https:\/\/lepreenbulle.fr\/wp-content\/uploads\/2020\/02\/location_bureau_vendee81-1024x473.jpg 1024w, https:\/\/lepreenbulle.fr\/wp-content\/uploads\/2020\/02\/location_bureau_vendee81-300x139.jpg 300w, https:\/\/lepreenbulle.fr\/wp-content\/uploads\/2020\/02\/location_bureau_vendee81-768x355.jpg 768w, https:\/\/lepreenbulle.fr\/wp-content\/uploads\/2020\/02\/location_bureau_vendee81-1536x709.jpg 1536w, https:\/\/lepreenbulle.fr\/wp-content\/uploads\/2020\/02\/location_bureau_vendee81-2048x946.jpg 2048w\" sizes=\"auto, (max-width: 1024px) 100vw, 1024px\" \/><\/figure>\n\n\n\n<p><strong><span style=\"text-decoration: underline;\">Am\u00e9nagement sp\u00e9cial COVID-19<\/span><\/strong><\/p>\n\n\n\n<figure class=\"wp-block-image size-large\"><img loading=\"lazy\" decoding=\"async\" width=\"1024\" height=\"472\" src=\"http:\/\/lepreenbulle.fr\/wp-content\/uploads\/2020\/05\/location_bureau_vendee52covid1-2-1024x472.jpg\" alt=\"\" class=\"wp-image-466\" srcset=\"https:\/\/lepreenbulle.fr\/wp-content\/uploads\/2020\/05\/location_bureau_vendee52covid1-2-1024x472.jpg 1024w, https:\/\/lepreenbulle.fr\/wp-content\/uploads\/2020\/05\/location_bureau_vendee52covid1-2-300x138.jpg 300w, https:\/\/lepreenbulle.fr\/wp-content\/uploads\/2020\/05\/location_bureau_vendee52covid1-2-768x354.jpg 768w, https:\/\/lepreenbulle.fr\/wp-content\/uploads\/2020\/05\/location_bureau_vendee52covid1-2-1536x708.jpg 1536w, https:\/\/lepreenbulle.fr\/wp-content\/uploads\/2020\/05\/location_bureau_vendee52covid1-2-2048x944.jpg 2048w\" sizes=\"auto, (max-width: 1024px) 100vw, 1024px\" \/><\/figure>\n\n\n\n<p><strong>Bulle&#8217;Cr\u00e9ative <\/strong>s&#8217;est r\u00e9am\u00e9nag\u00e9e afin de r\u00e9pondre aux mesures de s\u00e9curit\u00e9 li\u00e9e au virus Covid-19.<\/p>\n\n\n\n<p>Ainsi, seules 2 personnes sont autoris\u00e9es dans ce bureau (3 personnes s&#8217;il s&#8217;agit d&#8217;une formation). Une distance de 1.80m est pr\u00e9sente entre les 2 chaises du bureau, ainsi qu&#8217;avec la chaise du formateur. Une zone \u00e0 1m des stagiaires est disponible pour la mobilit\u00e9 du formateur.<\/p>\n\n\n\n<p>Un kit de d\u00e9sinfection des surfaces, des textiles et des mains est disponible. La surface du bureau comme les coussins d&#8217;assise des fauteuils ont \u00e9t\u00e9 recouverts d&#8217;une mati\u00e8re supportant une d\u00e9sinfection fr\u00e9quente.<\/p>\n\n\n\n<p>Le port du masque vous est conseill\u00e9 ainsi qu&#8217;a vos clients\/stagiaires. Nous n&#8217;en fournissons pas.<\/p>\n\n\n\n<p>Pour une question d&#8217;hygi\u00e8ne, les carafes et verres ont \u00e9t\u00e9 retir\u00e9s. Nous vous conseillons d&#8217;apporter votre propre &#8220;gourde\/bouteille&#8221; ou thermos de caf\u00e9. Mais \u00e9galement votre n\u00e9cessaire de bureau (stylos, feutres tableau blanc, &#8230;)<\/p>\n","protected":false},"excerpt":{"rendered":"<p>Vous recherchez une salle pour : Une r\u00e9union de travail ? Une formation avec un client ? La r\u00e9alisation d&#8217;un atelier ? La Bulle&#8217;Cr\u00e9ative est faite pour vous ! \u00c9quip\u00e9e de 4 \u00e0 6 postes de travail, d&#8217;un vid\u00e9oprojecteur et d&#8217;un paperboard, vous pourrez la r\u00e9server \u00e0 la 1\/2 journ\u00e9e comme \u00e0 la journ\u00e9e. La&hellip; <a href=\"https:\/\/lepreenbulle.fr\/?page_id=109\" class=\"more-link\">Lire la suite <span class=\"screen-reader-text\">La Bulle&#8217;Cr\u00e9ative<\/span><\/a><\/p>\n","protected":false},"author":1,"featured_media":397,"parent":28,"menu_order":0,"comment_status":"closed","ping_status":"closed","template":"","meta":{"footnotes":""},"tags":[],"class_list":["post-109","page","type-page","status-publish","has-post-thumbnail","hentry","without-featured-image"],"jetpack_sharing_enabled":true,"_links":{"self":[{"href":"https:\/\/lepreenbulle.fr\/index.php?rest_route=\/wp\/v2\/pages\/109","targetHints":{"allow":["GET"]}}],"collection":[{"href":"https:\/\/lepreenbulle.fr\/index.php?rest_route=\/wp\/v2\/pages"}],"about":[{"href":"https:\/\/lepreenbulle.fr\/index.php?rest_route=\/wp\/v2\/types\/page"}],"author":[{"embeddable":true,"href":"https:\/\/lepreenbulle.fr\/index.php?rest_route=\/wp\/v2\/users\/1"}],"replies":[{"embeddable":true,"href":"https:\/\/lepreenbulle.fr\/index.php?rest_route=%2Fwp%2Fv2%2Fcomments&post=109"}],"version-history":[{"count":13,"href":"https:\/\/lepreenbulle.fr\/index.php?rest_route=\/wp\/v2\/pages\/109\/revisions"}],"predecessor-version":[{"id":492,"href":"https:\/\/lepreenbulle.fr\/index.php?rest_route=\/wp\/v2\/pages\/109\/revisions\/492"}],"up":[{"embeddable":true,"href":"https:\/\/lepreenbulle.fr\/index.php?rest_route=\/wp\/v2\/pages\/28"}],"wp:featuredmedia":[{"embeddable":true,"href":"https:\/\/lepreenbulle.fr\/index.php?rest_route=\/wp\/v2\/media\/397"}],"wp:attachment":[{"href":"https:\/\/lepreenbulle.fr\/index.php?rest_route=%2Fwp%2Fv2%2Fmedia&parent=109"}],"wp:term":[{"taxonomy":"post_tag","embeddable":true,"href":"https:\/\/lepreenbulle.fr\/index.php?rest_route=%2Fwp%2Fv2%2Ftags&post=109"}],"curies":[{"name":"wp","href":"https:\/\/api.w.org\/{rel}","templated":true}]}}

La Bulle&#8217;Créative

<p>Vous recherchez une salle pour :</p>
<ul>
<li>Une réunion de travail ?</li>
<li>Une formation avec un client ?</li>
<li>La réalisation d&#8217;un atelier ?</li>
</ul>
<p>La <strong><span style="color: #33cccc;">Bulle&#8217;Créative</span> </strong>est faite pour vous !</p>
<div id='gallery-1' class='gallery galleryid-109 gallery-columns-3 gallery-size-thumbnail'><figure class='gallery-item'>
			<div class='gallery-icon landscape'>
				<a href='https://lepreenbulle.fr/?attachment_id=112'><img loading="lazy" decoding="async" width="150" height="150" src="https://lepreenbulle.fr/wp-content/uploads/2019/09/location_bureau_vendee31-150x150.jpg" class="attachment-thumbnail size-thumbnail" alt="" /></a>
			</div></figure><figure class='gallery-item'>
			<div class='gallery-icon portrait'>
				<a href='https://lepreenbulle.fr/?attachment_id=113'><img loading="lazy" decoding="async" width="150" height="150" src="https://lepreenbulle.fr/wp-content/uploads/2019/09/location_bureau_vendee32-150x150.jpg" class="attachment-thumbnail size-thumbnail" alt="" /></a>
			</div></figure>
		</div>

<p>Équipée de 4 à 6 postes de travail, d&#8217;un vidéoprojecteur et d&#8217;un paperboard, vous pourrez la réserver à la 1/2 journée comme à la journée.<label id="rf_labelShortcode"></label></p>
<ul>
<li>La <span style="color: #33cccc;"><strong>Bulle&#8217;Créative</strong></span>, Espace confortable pour vos réunions de travail, ateliers ou formation (40€ la 1/2 journée; 75€/journée).</li>
</ul>


<figure class="wp-block-image size-large"><img loading="lazy" decoding="async" width="1024" height="473" src="http://lepreenbulle.fr/wp-content/uploads/2020/02/location_bureau_vendee81-1024x473.jpg" alt="" class="wp-image-395" srcset="https://lepreenbulle.fr/wp-content/uploads/2020/02/location_bureau_vendee81-1024x473.jpg 1024w, https://lepreenbulle.fr/wp-content/uploads/2020/02/location_bureau_vendee81-300x139.jpg 300w, https://lepreenbulle.fr/wp-content/uploads/2020/02/location_bureau_vendee81-768x355.jpg 768w, https://lepreenbulle.fr/wp-content/uploads/2020/02/location_bureau_vendee81-1536x709.jpg 1536w, https://lepreenbulle.fr/wp-content/uploads/2020/02/location_bureau_vendee81-2048x946.jpg 2048w" sizes="auto, (max-width: 1024px) 100vw, 1024px" /></figure>



<p><strong><span style="text-decoration: underline;">Aménagement spécial COVID-19</span></strong></p>



<figure class="wp-block-image size-large"><img loading="lazy" decoding="async" width="1024" height="472" src="http://lepreenbulle.fr/wp-content/uploads/2020/05/location_bureau_vendee52covid1-2-1024x472.jpg" alt="" class="wp-image-466" srcset="https://lepreenbulle.fr/wp-content/uploads/2020/05/location_bureau_vendee52covid1-2-1024x472.jpg 1024w, https://lepreenbulle.fr/wp-content/uploads/2020/05/location_bureau_vendee52covid1-2-300x138.jpg 300w, https://lepreenbulle.fr/wp-content/uploads/2020/05/location_bureau_vendee52covid1-2-768x354.jpg 768w, https://lepreenbulle.fr/wp-content/uploads/2020/05/location_bureau_vendee52covid1-2-1536x708.jpg 1536w, https://lepreenbulle.fr/wp-content/uploads/2020/05/location_bureau_vendee52covid1-2-2048x944.jpg 2048w" sizes="auto, (max-width: 1024px) 100vw, 1024px" /></figure>



<p><strong>Bulle&#8217;Créative </strong>s&#8217;est réaménagée afin de répondre aux mesures de sécurité liée au virus Covid-19.</p>



<p>Ainsi, seules 2 personnes sont autorisées dans ce bureau (3 personnes s&#8217;il s&#8217;agit d&#8217;une formation). Une distance de 1.80m est présente entre les 2 chaises du bureau, ainsi qu&#8217;avec la chaise du formateur. Une zone à 1m des stagiaires est disponible pour la mobilité du formateur.</p>



<p>Un kit de désinfection des surfaces, des textiles et des mains est disponible. La surface du bureau comme les coussins d&#8217;assise des fauteuils ont été recouverts d&#8217;une matière supportant une désinfection fréquente.</p>



<p>Le port du masque vous est conseillé ainsi qu&#8217;a vos clients/stagiaires. Nous n&#8217;en fournissons pas.</p>



<p>Pour une question d&#8217;hygiène, les carafes et verres ont été retirés. Nous vous conseillons d&#8217;apporter votre propre &#8220;gourde/bouteille&#8221; ou thermos de café. Mais également votre nécessaire de bureau (stylos, feutres tableau blanc, &#8230;)</p>

<p>Vous recherchez une salle pour : Une réunion de travail ? Une formation avec un client ? La réalisation d&#8217;un atelier ? La Bulle&#8217;Créative est faite pour vous ! Équipée de 4 à 6 postes de travail, d&#8217;un vidéoprojecteur et d&#8217;un paperboard, vous pourrez la réserver à la 1/2 journée comme à la journée. La&hellip; <a href="https://lepreenbulle.fr/?page_id=109" class="more-link">Lire la suite <span class="screen-reader-text">La Bulle&#8217;Créative</span></a></p>
